{"id":1153,"date":"2018-02-28T10:43:32","date_gmt":"2018-02-28T08:43:32","guid":{"rendered":"http:\/\/www.kerb-wembach-hahn.de\/?page_id=1153"},"modified":"2025-02-05T00:04:12","modified_gmt":"2025-02-04T22:04:12","slug":"lang-ists-her","status":"publish","type":"page","link":"https:\/\/www.kerb-wembach-hahn.de\/?page_id=1153","title":{"rendered":"Lang ist&#8217;s her"},"content":{"rendered":"\n<p>So einiges ist schon bei uns in Wembach-Hahn passiert, sowohl w\u00e4hrend als auch vor und nach der Kerb. Leider und auch zum Gl\u00fcck l\u00e4sst sich nicht immer alles festhalten, dennoch hier eine \u00dcbersicht unserer Kerbjahre.<\/p>\n\n\n\n<hr class=\"wp-block-separator has-alpha-channel-opacity\"\/>\n\n\n\n<h2 class=\"wp-block-heading\"><strong>Kerb 2023<\/strong><\/h2>\n\n\n<p><img loading=\"lazy\" decoding=\"async\" class=\"wp-image-2243 size-medium alignleft\" src=\"https:\/\/www.kerb-wembach-hahn.de\/wp-content\/uploads\/2023\/05\/plakat_2023-212x300.jpeg\" alt=\"\" width=\"212\" height=\"300\" srcset=\"https:\/\/www.kerb-wembach-hahn.de\/wp-content\/uploads\/2023\/05\/plakat_2023-212x300.jpeg 212w, https:\/\/www.kerb-wembach-hahn.de\/wp-content\/uploads\/2023\/05\/plakat_2023-725x1024.jpeg 725w, https:\/\/www.kerb-wembach-hahn.de\/wp-content\/uploads\/2023\/05\/plakat_2023-768x1084.jpeg 768w, https:\/\/www.kerb-wembach-hahn.de\/wp-content\/uploads\/2023\/05\/plakat_2023-676x955.jpeg 676w, https:\/\/www.kerb-wembach-hahn.de\/wp-content\/uploads\/2023\/05\/plakat_2023.jpeg 1080w\" sizes=\"auto, (max-width: 212px) 100vw, 212px\" \/>Neues Jahr, neues Gl\u00fcck. Zur Sperrgebietskerb 2023 laden wir euch bei uns im Wiesengrund im Festzelt herzlich ein. Mit 36 Kerweborsch und Kerwem\u00e4dche feierten\u00a0 wie immer am zweiten Wochenende im Juni, wieder Kerb in Wembach-Hahn.<\/p>\n<p>W\u00e4hrend man auf dem diesj\u00e4hrigen Hessentag, ganz in der N\u00e4he in Pfungstadt, mit mehr Besuchern gerechnet habe, konnten wir uns kaum vor Euch, unserem Kerbg\u00e4sten, retten. Sowohl am Freitag als auch am Samstag waren alle Eintrittsb\u00e4ndchen ausverkauft.<\/p>\n\n\n<div class=\"wp-block-buttons is-horizontal is-content-justification-left is-layout-flex wp-container-core-buttons-is-layout-7e5fce0a wp-block-buttons-is-layout-flex\">\n<div class=\"wp-block-button is-style-outline is-style-outline--1\"><a class=\"wp-block-button__link wp-element-button\" href=\"https:\/\/www.kerb-wembach-hahn.de\/?page_id=2232\">Mehr sehen<\/a><\/div>\n<\/div>\n\n\n\n<hr class=\"wp-block-separator has-alpha-channel-opacity\"\/>\n\n\n\n<h2 class=\"wp-block-heading\"><strong>Kerb 2022<\/strong><\/h2>\n\n\n<p><img loading=\"lazy\" decoding=\"async\" class=\"size-medium wp-image-2130 alignleft\" src=\"https:\/\/www.kerb-wembach-hahn.de\/wp-content\/uploads\/2022\/05\/plakat-212x300.jpeg\" alt=\"\" width=\"212\" height=\"300\" srcset=\"https:\/\/www.kerb-wembach-hahn.de\/wp-content\/uploads\/2022\/05\/plakat-212x300.jpeg 212w, https:\/\/www.kerb-wembach-hahn.de\/wp-content\/uploads\/2022\/05\/plakat-723x1024.jpeg 723w, https:\/\/www.kerb-wembach-hahn.de\/wp-content\/uploads\/2022\/05\/plakat-768x1088.jpeg 768w, https:\/\/www.kerb-wembach-hahn.de\/wp-content\/uploads\/2022\/05\/plakat-676x958.jpeg 676w, https:\/\/www.kerb-wembach-hahn.de\/wp-content\/uploads\/2022\/05\/plakat.jpeg 838w\" sizes=\"auto, (max-width: 212px) 100vw, 212px\" \/>Versprochen ist versprochen. Dieses Jahr, vom 10. bis 12 Juni, wird bei uns wieder im Zelt gefeiert. Nichts mehr digital. Mit klassischem Programm und in gewohnter Umgebung soll es dieses Jahr wieder so weit sein.<\/p>\n<p>Das Motto dieses Jahr soll viel mehr werden als nur ein Motto. Es ist ein Ziel, ja gar ein Versprechen: <strong>Wir schie\u00dfen euch in die geilste Galaxie<\/strong>.Wir schie\u00dfen euch in die geilste Galaxie.<\/p>\n\n\n<div class=\"wp-block-buttons is-horizontal is-content-justification-left is-layout-flex wp-container-core-buttons-is-layout-7e5fce0a wp-block-buttons-is-layout-flex\">\n<div class=\"wp-block-button is-style-outline is-style-outline--2\"><a class=\"wp-block-button__link wp-element-button\" href=\"https:\/\/www.kerb-wembach-hahn.de\/?page_id=2112\">Mehr sehen<\/a><\/div>\n<\/div>\n\n\n\n<hr class=\"wp-block-separator has-alpha-channel-opacity\"\/>\n\n\n\n<h2 class=\"wp-block-heading\"><strong>Kerb 202<\/strong>1<\/h2>\n\n\n<p><img loading=\"lazy\" decoding=\"async\" class=\"wp-image-1894 size-medium alignleft\" src=\"https:\/\/www.kerb-wembach-hahn.de\/wp-content\/uploads\/2021\/06\/flyer2021-210x300.jpeg\" alt=\"\" width=\"210\" height=\"300\" srcset=\"https:\/\/www.kerb-wembach-hahn.de\/wp-content\/uploads\/2021\/06\/flyer2021-210x300.jpeg 210w, https:\/\/www.kerb-wembach-hahn.de\/wp-content\/uploads\/2021\/06\/flyer2021-718x1024.jpeg 718w, https:\/\/www.kerb-wembach-hahn.de\/wp-content\/uploads\/2021\/06\/flyer2021-768x1096.jpeg 768w, https:\/\/www.kerb-wembach-hahn.de\/wp-content\/uploads\/2021\/06\/flyer2021-676x965.jpeg 676w, https:\/\/www.kerb-wembach-hahn.de\/wp-content\/uploads\/2021\/06\/flyer2021.jpeg 897w\" sizes=\"auto, (max-width: 210px) 100vw, 210px\" \/>Anfang Januar war klar, dass die Chancen f\u00fcr eine Zeltkerb schlecht stehen. Selbst an ein einfaches Treffen der Kerweborsch und Kerwem\u00e4dsche in kleinerem Rahmen war nicht zu denken. Die erste Kerbsitzung wurde aus diesem Grund auf Mitte M\u00e4rz verschoben. In der Kerbsitzung wurde klar: Die DigitalKerb von letztem Jahr k\u00f6nnen und wollen wir nicht \u00fcberbieten. <strong>Ein Jahr ohne Kerb sollte es aber auch nicht sein\u2026 Das ist ja nix.<\/strong><\/p>\n\n\n<div class=\"wp-block-buttons is-content-justification-left is-layout-flex wp-container-core-buttons-is-layout-fdcfc74e wp-block-buttons-is-layout-flex\">\n<div class=\"wp-block-button is-style-outline is-style-outline--3\"><a class=\"wp-block-button__link wp-element-button\" href=\"https:\/\/www.kerb-wembach-hahn.de\/?page_id=1776\">Mehr sehen<\/a><\/div>\n<\/div>\n\n\n\n<hr class=\"wp-block-separator has-alpha-channel-opacity\"\/>\n\n\n\n<h2 class=\"wp-block-heading\"><strong>Kerb 202<\/strong>0<\/h2>\n\n\n<p><img loading=\"lazy\" decoding=\"async\" class=\"wp-image-1416 size-medium alignleft\" src=\"https:\/\/www.kerb-wembach-hahn.de\/wp-content\/uploads\/2020\/06\/9b01d9c1-2c7c-4488-a709-d14e15438486-209x300.jpg\" alt=\"\" width=\"209\" height=\"300\" srcset=\"https:\/\/www.kerb-wembach-hahn.de\/wp-content\/uploads\/2020\/06\/9b01d9c1-2c7c-4488-a709-d14e15438486-209x300.jpg 209w, https:\/\/www.kerb-wembach-hahn.de\/wp-content\/uploads\/2020\/06\/9b01d9c1-2c7c-4488-a709-d14e15438486-676x971.jpg 676w, https:\/\/www.kerb-wembach-hahn.de\/wp-content\/uploads\/2020\/06\/9b01d9c1-2c7c-4488-a709-d14e15438486.jpg 706w\" sizes=\"auto, (max-width: 209px) 100vw, 209px\" \/>Mit den Worten \u201e<strong>Un wo Wembach-Hoo is, do is vorne<\/strong>\u201c startete Klaus Peter Schellhaas nicht nur unseren ersten (und hoffentlich einzigen) Digitalkerb Livestream, sondern auch den unvergesslichen Bieranstich von Swen Bermond und Karl Erwin Vierheller.<\/p>\n<p>Zusammen mit vielen Erinnerungen von mehreren interviewten Kerb-Urgesteinen entstand ein <strong>nostalgisches Ereignis in Spielfilml\u00e4nge.<\/strong><\/p>\n\n\n<div class=\"wp-block-buttons is-content-justification-left is-layout-flex wp-container-core-buttons-is-layout-fdcfc74e wp-block-buttons-is-layout-flex\">\n<div class=\"wp-block-button is-style-outline is-style-outline--4\"><a class=\"wp-block-button__link wp-element-button\" href=\"https:\/\/www.kerb-wembach-hahn.de\/?page_id=1349\">Mehr sehen<\/a><\/div>\n<\/div>\n\n\n\n<hr class=\"wp-block-separator has-alpha-channel-opacity\"\/>\n\n\n\n<h2 class=\"wp-block-heading\"><strong>Kerb 20<\/strong>19<\/h2>\n\n\n<p><img loading=\"lazy\" decoding=\"async\" class=\"wp-image-1280 size-medium alignleft\" src=\"https:\/\/www.kerb-wembach-hahn.de\/wp-content\/uploads\/2019\/05\/Kerb-Plakat-2019-final-page-001-212x300.jpg\" alt=\"KerbPlakatLoading...\" width=\"212\" height=\"300\" \/>Zum Motto &#8222;Manege frei f\u00fcr die Wembach-Hehner Kerb&#8220; spielte Kerbfreitag die Band <em>Radioactive <\/em>f\u00fcr euch und 40 Kerweborsch und Kerwem\u00e4dche.<\/p>\n<p>Wie immer versuchten wir an so vielen Kerbumz\u00fcgen wie m\u00f6glich teilzunehmen und Spa\u00df zu haben! Aus diesem Grund gibt es hier haupts\u00e4chlich eine \u00dcbersicht der Kerbumz\u00fcge<\/p>\n\n\n<div class=\"wp-block-buttons is-horizontal is-content-justification-left is-nowrap is-layout-flex wp-container-core-buttons-is-layout-683e7537 wp-block-buttons-is-layout-flex\">\n<div class=\"wp-block-button is-style-outline is-style-outline--5\"><a class=\"wp-block-button__link wp-element-button\">Mehr sehen<\/a><\/div>\n<\/div>\n\n\n\n<hr class=\"wp-block-separator has-alpha-channel-opacity is-style-wide\"\/>\n","protected":false},"excerpt":{"rendered":"<p>So einiges ist schon bei uns in Wembach-Hahn passiert, sowohl w\u00e4hrend als auch vor und nach der Kerb. Leider und auch zum Gl\u00fcck l\u00e4sst sich nicht immer alles festhalten, dennoch hier eine \u00dcbersicht unserer Kerbjahre. Kerb 2023 Neues Jahr, neues Gl\u00fcck. Zur Sperrgebietskerb 2023 laden wir euch bei uns im Wiesengrund im Festzelt herzlich ein. [&hellip;]<\/p>\n","protected":false},"author":5,"featured_media":0,"parent":0,"menu_order":0,"comment_status":"closed","ping_status":"closed","template":"","meta":{"footnotes":""},"class_list":["post-1153","page","type-page","status-publish","hentry","post-preview"],"_links":{"self":[{"href":"https:\/\/www.kerb-wembach-hahn.de\/index.php?rest_route=\/wp\/v2\/pages\/1153","targetHints":{"allow":["GET"]}}],"collection":[{"href":"https:\/\/www.kerb-wembach-hahn.de\/index.php?rest_route=\/wp\/v2\/pages"}],"about":[{"href":"https:\/\/www.kerb-wembach-hahn.de\/index.php?rest_route=\/wp\/v2\/types\/page"}],"author":[{"embeddable":true,"href":"https:\/\/www.kerb-wembach-hahn.de\/index.php?rest_route=\/wp\/v2\/users\/5"}],"replies":[{"embeddable":true,"href":"https:\/\/www.kerb-wembach-hahn.de\/index.php?rest_route=%2Fwp%2Fv2%2Fcomments&post=1153"}],"version-history":[{"count":9,"href":"https:\/\/www.kerb-wembach-hahn.de\/index.php?rest_route=\/wp\/v2\/pages\/1153\/revisions"}],"predecessor-version":[{"id":2625,"href":"https:\/\/www.kerb-wembach-hahn.de\/index.php?rest_route=\/wp\/v2\/pages\/1153\/revisions\/2625"}],"wp:attachment":[{"href":"https:\/\/www.kerb-wembach-hahn.de\/index.php?rest_route=%2Fwp%2Fv2%2Fmedia&parent=1153"}],"curies":[{"name":"wp","href":"https:\/\/api.w.org\/{rel}","templated":true}]}}

<p>So einiges ist schon bei uns in Wembach-Hahn passiert, sowohl während als auch vor und nach der Kerb. Leider und auch zum Glück lässt sich nicht immer alles festhalten, dennoch hier eine Übersicht unserer Kerbjahre.</p>



<hr class="wp-block-separator has-alpha-channel-opacity"/>



<h2 class="wp-block-heading"><strong>Kerb 2023</strong></h2>


<p><img loading="lazy" decoding="async" class="wp-image-2243 size-medium alignleft" src="https://www.kerb-wembach-hahn.de/wp-content/uploads/2023/05/plakat_2023-212x300.jpeg" alt="" width="212" height="300" srcset="https://www.kerb-wembach-hahn.de/wp-content/uploads/2023/05/plakat_2023-212x300.jpeg 212w, https://www.kerb-wembach-hahn.de/wp-content/uploads/2023/05/plakat_2023-725x1024.jpeg 725w, https://www.kerb-wembach-hahn.de/wp-content/uploads/2023/05/plakat_2023-768x1084.jpeg 768w, https://www.kerb-wembach-hahn.de/wp-content/uploads/2023/05/plakat_2023-676x955.jpeg 676w, https://www.kerb-wembach-hahn.de/wp-content/uploads/2023/05/plakat_2023.jpeg 1080w" sizes="auto, (max-width: 212px) 100vw, 212px" />Neues Jahr, neues Glück. Zur Sperrgebietskerb 2023 laden wir euch bei uns im Wiesengrund im Festzelt herzlich ein. Mit 36 Kerweborsch und Kerwemädche feierten  wie immer am zweiten Wochenende im Juni, wieder Kerb in Wembach-Hahn.</p>
<p>Während man auf dem diesjährigen Hessentag, ganz in der Nähe in Pfungstadt, mit mehr Besuchern gerechnet habe, konnten wir uns kaum vor Euch, unserem Kerbgästen, retten. Sowohl am Freitag als auch am Samstag waren alle Eintrittsbändchen ausverkauft.</p>


<div class="wp-block-buttons is-horizontal is-content-justification-left is-layout-flex wp-container-core-buttons-is-layout-7e5fce0a wp-block-buttons-is-layout-flex">
<div class="wp-block-button is-style-outline is-style-outline--1"><a class="wp-block-button__link wp-element-button" href="https://www.kerb-wembach-hahn.de/?page_id=2232">Mehr sehen</a></div>
</div>



<hr class="wp-block-separator has-alpha-channel-opacity"/>



<h2 class="wp-block-heading"><strong>Kerb 2022</strong></h2>


<p><img loading="lazy" decoding="async" class="size-medium wp-image-2130 alignleft" src="https://www.kerb-wembach-hahn.de/wp-content/uploads/2022/05/plakat-212x300.jpeg" alt="" width="212" height="300" srcset="https://www.kerb-wembach-hahn.de/wp-content/uploads/2022/05/plakat-212x300.jpeg 212w, https://www.kerb-wembach-hahn.de/wp-content/uploads/2022/05/plakat-723x1024.jpeg 723w, https://www.kerb-wembach-hahn.de/wp-content/uploads/2022/05/plakat-768x1088.jpeg 768w, https://www.kerb-wembach-hahn.de/wp-content/uploads/2022/05/plakat-676x958.jpeg 676w, https://www.kerb-wembach-hahn.de/wp-content/uploads/2022/05/plakat.jpeg 838w" sizes="auto, (max-width: 212px) 100vw, 212px" />Versprochen ist versprochen. Dieses Jahr, vom 10. bis 12 Juni, wird bei uns wieder im Zelt gefeiert. Nichts mehr digital. Mit klassischem Programm und in gewohnter Umgebung soll es dieses Jahr wieder so weit sein.</p>
<p>Das Motto dieses Jahr soll viel mehr werden als nur ein Motto. Es ist ein Ziel, ja gar ein Versprechen: <strong>Wir schießen euch in die geilste Galaxie</strong>.Wir schießen euch in die geilste Galaxie.</p>


<div class="wp-block-buttons is-horizontal is-content-justification-left is-layout-flex wp-container-core-buttons-is-layout-7e5fce0a wp-block-buttons-is-layout-flex">
<div class="wp-block-button is-style-outline is-style-outline--2"><a class="wp-block-button__link wp-element-button" href="https://www.kerb-wembach-hahn.de/?page_id=2112">Mehr sehen</a></div>
</div>



<hr class="wp-block-separator has-alpha-channel-opacity"/>



<h2 class="wp-block-heading"><strong>Kerb 202</strong>1</h2>


<p><img loading="lazy" decoding="async" class="wp-image-1894 size-medium alignleft" src="https://www.kerb-wembach-hahn.de/wp-content/uploads/2021/06/flyer2021-210x300.jpeg" alt="" width="210" height="300" srcset="https://www.kerb-wembach-hahn.de/wp-content/uploads/2021/06/flyer2021-210x300.jpeg 210w, https://www.kerb-wembach-hahn.de/wp-content/uploads/2021/06/flyer2021-718x1024.jpeg 718w, https://www.kerb-wembach-hahn.de/wp-content/uploads/2021/06/flyer2021-768x1096.jpeg 768w, https://www.kerb-wembach-hahn.de/wp-content/uploads/2021/06/flyer2021-676x965.jpeg 676w, https://www.kerb-wembach-hahn.de/wp-content/uploads/2021/06/flyer2021.jpeg 897w" sizes="auto, (max-width: 210px) 100vw, 210px" />Anfang Januar war klar, dass die Chancen für eine Zeltkerb schlecht stehen. Selbst an ein einfaches Treffen der Kerweborsch und Kerwemädsche in kleinerem Rahmen war nicht zu denken. Die erste Kerbsitzung wurde aus diesem Grund auf Mitte März verschoben. In der Kerbsitzung wurde klar: Die DigitalKerb von letztem Jahr können und wollen wir nicht überbieten. <strong>Ein Jahr ohne Kerb sollte es aber auch nicht sein… Das ist ja nix.</strong></p>


<div class="wp-block-buttons is-content-justification-left is-layout-flex wp-container-core-buttons-is-layout-fdcfc74e wp-block-buttons-is-layout-flex">
<div class="wp-block-button is-style-outline is-style-outline--3"><a class="wp-block-button__link wp-element-button" href="https://www.kerb-wembach-hahn.de/?page_id=1776">Mehr sehen</a></div>
</div>



<hr class="wp-block-separator has-alpha-channel-opacity"/>



<h2 class="wp-block-heading"><strong>Kerb 202</strong>0</h2>


<p><img loading="lazy" decoding="async" class="wp-image-1416 size-medium alignleft" src="https://www.kerb-wembach-hahn.de/wp-content/uploads/2020/06/9b01d9c1-2c7c-4488-a709-d14e15438486-209x300.jpg" alt="" width="209" height="300" srcset="https://www.kerb-wembach-hahn.de/wp-content/uploads/2020/06/9b01d9c1-2c7c-4488-a709-d14e15438486-209x300.jpg 209w, https://www.kerb-wembach-hahn.de/wp-content/uploads/2020/06/9b01d9c1-2c7c-4488-a709-d14e15438486-676x971.jpg 676w, https://www.kerb-wembach-hahn.de/wp-content/uploads/2020/06/9b01d9c1-2c7c-4488-a709-d14e15438486.jpg 706w" sizes="auto, (max-width: 209px) 100vw, 209px" />Mit den Worten „<strong>Un wo Wembach-Hoo is, do is vorne</strong>“ startete Klaus Peter Schellhaas nicht nur unseren ersten (und hoffentlich einzigen) Digitalkerb Livestream, sondern auch den unvergesslichen Bieranstich von Swen Bermond und Karl Erwin Vierheller.</p>
<p>Zusammen mit vielen Erinnerungen von mehreren interviewten Kerb-Urgesteinen entstand ein <strong>nostalgisches Ereignis in Spielfilmlänge.</strong></p>


<div class="wp-block-buttons is-content-justification-left is-layout-flex wp-container-core-buttons-is-layout-fdcfc74e wp-block-buttons-is-layout-flex">
<div class="wp-block-button is-style-outline is-style-outline--4"><a class="wp-block-button__link wp-element-button" href="https://www.kerb-wembach-hahn.de/?page_id=1349">Mehr sehen</a></div>
</div>



<hr class="wp-block-separator has-alpha-channel-opacity"/>



<h2 class="wp-block-heading"><strong>Kerb 20</strong>19</h2>


<p><img loading="lazy" decoding="async" class="wp-image-1280 size-medium alignleft" src="https://www.kerb-wembach-hahn.de/wp-content/uploads/2019/05/Kerb-Plakat-2019-final-page-001-212x300.jpg" alt="KerbPlakatLoading..." width="212" height="300" />Zum Motto &#8222;Manege frei für die Wembach-Hehner Kerb&#8220; spielte Kerbfreitag die Band <em>Radioactive </em>für euch und 40 Kerweborsch und Kerwemädche.</p>
<p>Wie immer versuchten wir an so vielen Kerbumzügen wie möglich teilzunehmen und Spaß zu haben! Aus diesem Grund gibt es hier hauptsächlich eine Übersicht der Kerbumzüge</p>


<div class="wp-block-buttons is-horizontal is-content-justification-left is-nowrap is-layout-flex wp-container-core-buttons-is-layout-683e7537 wp-block-buttons-is-layout-flex">
<div class="wp-block-button is-style-outline is-style-outline--5"><a class="wp-block-button__link wp-element-button">Mehr sehen</a></div>
</div>



<hr class="wp-block-separator has-alpha-channel-opacity is-style-wide"/>

<p>So einiges ist schon bei uns in Wembach-Hahn passiert, sowohl während als auch vor und nach der Kerb. Leider und auch zum Glück lässt sich nicht immer alles festhalten, dennoch hier eine Übersicht unserer Kerbjahre. Kerb 2023 Neues Jahr, neues Glück. Zur Sperrgebietskerb 2023 laden wir euch bei uns im Wiesengrund im Festzelt herzlich ein. [&hellip;]</p>
