{"id":1745,"date":"2021-05-05T22:08:31","date_gmt":"2021-05-05T20:08:31","guid":{"rendered":"https:\/\/www.kerb-wembach-hahn.de\/?page_id=1745"},"modified":"2021-06-15T17:29:37","modified_gmt":"2021-06-15T15:29:37","slug":"kerb-2021","status":"publish","type":"page","link":"https:\/\/www.kerb-wembach-hahn.de\/?page_id=1745","title":{"rendered":"Kerb 2021"},"content":{"rendered":"<p>Aktuell werden alle Erinnerungen zusammengetragen und hier mit euch geteilt. Kommt bald zur\u00fcck.<\/p>\n<p>\u00a0<\/p>\n<p>Bis n\u00e4chstes Jahr<\/p>\n<p><em>Eure Generation Kerb<\/em><\/p>\n\n\n<hr class=\"wp-block-separator is-style-default\"\/>\n\n\n\n<div style=\"height:15px\" aria-hidden=\"true\" class=\"wp-block-spacer\"><\/div>\n\n\n\n<h4 class=\"wp-block-heading\">Samstag Abend<\/h4>\n\n\n\n<div class=\"wp-block-image\"><figure class=\"alignright size-large is-resized\"><a href=\"https:\/\/www.kerb-wembach-hahn.de\/wp-content\/uploads\/2021\/06\/flyer2021.jpeg\"><img loading=\"lazy\" decoding=\"async\" src=\"https:\/\/www.kerb-wembach-hahn.de\/wp-content\/uploads\/2021\/06\/flyer2021-718x1024.jpeg\" alt=\"\" class=\"wp-image-1894\" width=\"232\" height=\"331\" srcset=\"https:\/\/www.kerb-wembach-hahn.de\/wp-content\/uploads\/2021\/06\/flyer2021-718x1024.jpeg 718w, https:\/\/www.kerb-wembach-hahn.de\/wp-content\/uploads\/2021\/06\/flyer2021-210x300.jpeg 210w, https:\/\/www.kerb-wembach-hahn.de\/wp-content\/uploads\/2021\/06\/flyer2021-768x1096.jpeg 768w, https:\/\/www.kerb-wembach-hahn.de\/wp-content\/uploads\/2021\/06\/flyer2021-676x965.jpeg 676w, https:\/\/www.kerb-wembach-hahn.de\/wp-content\/uploads\/2021\/06\/flyer2021.jpeg 897w\" sizes=\"auto, (max-width: 232px) 100vw, 232px\" \/><\/a><\/figure><\/div>\n\n\n\n<p>Unser Programm startet am Samstag (12.06) um 18:00 Uhr. Die Kerweborsch und Kerwem\u00e4dsche werden die Kerb in den Stra\u00dfen von Wembach-Hahn einl\u00e4uten. <\/p>\n\n\n\n<p>Um 20:15 Uhr beginnt der gro\u00dfe Bunte Abend im Livestream hier auf unserer Website (Der Stream ist ab 20:00 Uhr bereits verf\u00fcgbar). Moderiert und musikalisch begleitet wird das Ganze von DJ Grimbo und Stefan Kr\u00fcger. Freut euch auf Musik, Stimmung und Show-Einlagen, sowie einige \u00dcberraschungen. An diesem Abend liefert \u00fcbrigens die <a href=\"https:\/\/www.facebook.com\/Waldenserhalle-Wembach-Hahn-479744632052863\/?__cft__[0]=AZXFwOWJ4qK8S5XfZ2tPYgl6c7RADORcPEs372BhMvgODQCz1KJJj6bi3Y8ZeQq4MEi1bQrysPEzfU2CCOonp_cDV25OCy96ZijXUGYaDssbKEQD8pcil1tEhwZ2mVNdq5K_DDe2jx7Ki7ayMyEbKui3fhOkgV9vnildeoqcswTCp5DplH6YIe2g6Bzd9pVRFOw&amp;__tn__=kK-R\">Waldenserhalle &#8211; Wembach-Hahn<\/a> wieder Pizza innerhalb der Ortsgrenzen aus. Mama Lucia freut sich auf eure Bestellung. <\/p>\n\n\n\n<p>Sonntags findet um 11:00 Uhr der Kerbgottesdienst in Pr\u00e4senz an der Waldenserhalle statt, sowie im Livestream auf <a href=\"http:\/\/www.waldensergemeinde.ekhn.de\/?fbclid=IwAR1C_ZgnHmLgaRtTsDqIm8FO5Z6iFgsRaBlAviSU_tfWFchyG-ckP1TikM0\" rel=\"noreferrer noopener\" target=\"_blank\">www.waldensergemeinde.ekhn.de<\/a> <\/p>\n\n\n\n<p>Zus\u00e4tzlich ist von 12:00 Uhr bis 18:00 Uhr unser Schausteller vor Ort, mit Pfeilwurf, S\u00fc\u00dfigkeiten und selbstgebrannten Mandeln. Um 15:00 Uhr wird schlie\u00dflich in unserem Livestream die Kerweredd von Kerwevadder Sascha Schwebel verlesen.<\/p>\n\n\n\n<hr class=\"wp-block-separator is-style-default\"\/>\n\n\n\n<div style=\"height:15px\" aria-hidden=\"true\" class=\"wp-block-spacer\"><\/div>\n\n\n\n<h4 class=\"wp-block-heading\">Gru\u00dfwort<\/h4>\n\n\n<div class=\"kvgmc6g5 cxmmr5t8 oygrvhab hcukyx3x c1et5uql ii04i59q\">\n<div dir=\"auto\">Auch unser Landrat <a class=\"oajrlxb2 g5ia77u1 qu0x051f esr5mh6w e9989ue4 r7d6kgcz rq0escxv nhd2j8a9 nc684nl6 p7hjln8o kvgmc6g5 cxmmr5t8 oygrvhab hcukyx3x jb3vyjys rz4wbd8a qt6c0cv9 a8nywdso i1ao9s8h esuyzwwr f1sip0of lzcic4wl q66pz984 gpro0wi8 b1v8xokw\" tabindex=\"0\" role=\"link\" href=\"https:\/\/www.facebook.com\/klauspeterschellhaas\/?__cft__[0]=AZUP-4cR5beLGGohwpFVb6QEoTJj9GrJcFPadFq4PGvOu6_VtQUfs3KBV6Rzz4ZPE6ULiPLrbsL9NX8r65A8CYMO_mmlCM_Gy9Q-o6kMg2VWxro3NhuCLmK3qiubS__se7Nvo-5Si4LLDMzKvMdfX0HRI6JmLYM1cRaU3vzV3xcOYKNdDL_FRdvVIhA4CxOWHIY&amp;__tn__=kK-R\"><span class=\"nc684nl6\">Klaus Peter Schellhaas<\/span><\/a> gr\u00fc\u00dft alle Wembach-Heehner und w\u00fcnscht ganz viel Spa\u00df bei der DIGITALKERB 2021!<\/div>\n<div dir=\"auto\">&nbsp;<\/div>\n<\/div>\n<div class=\"o9v6fnle cxmmr5t8 oygrvhab hcukyx3x c1et5uql ii04i59q\">\n<div dir=\"auto\">Danke f\u00fcr die sch\u00f6nen Worte und nachtr\u00e4glich nochmal herzlichen Gl\u00fcckwunsch zur Wiederwahl. Wir hoffen, wir d\u00fcrfen sie n\u00e4chstes Jahr im Kerbzelt zum Bieranstich begr\u00fc\u00dfen. Da es dieses Jahr keinen geben wird, m\u00fcssen sie das 2022 am besten selbst \u00fcbernehmen<\/div>\n<div dir=\"auto\">&nbsp;<\/div>\n<\/div>\n\n\n<figure class=\"wp-block-video\"><video height=\"720\" style=\"aspect-ratio: 1280 \/ 720;\" width=\"1280\" controls src=\"https:\/\/www.kerb-wembach-hahn.de\/wp-content\/uploads\/2021\/06\/grusswort.mp4\"><\/video><\/figure>\n\n\n\n<hr class=\"wp-block-separator is-style-default\"\/>\n\n\n\n<div style=\"height:15px\" aria-hidden=\"true\" class=\"wp-block-spacer\"><\/div>\n\n\n\n<h4 class=\"wp-block-heading\">Kerbpakete<\/h4>\n\n\n\n<p>F\u00fcr die Getr\u00e4nkeversorgung am Kerbsamstag gab es dieses Jahr die M\u00f6glichkeit Kerb-Pakete aus unserer Zeltbar in drei verschiedenen Ausf\u00fchrungen an. Die Ausgabe der <strong>vorbestellten<\/strong> Pakete erfolgt am <strong>Kerbfreitag, 11.06. im Zeitraum von 16:00 bis 20:00 Uhr<\/strong> an der Waldenserhalle. <\/p>\n\n\n\n<p>Jedes der Kerbpakete ist eine raffinierte Zusammenstellung verschiedener Kerbklassiker, die euch zumindest einen Teil der Kerb(-bar) nachhause bringen sollen. Unter Grundlagen wie Bier und Apfelwein mischen sich beispielweise Pfirsichlik\u00f6r, Havana, Wodka oder auch Limetten, die sich im Handumdrehen in bew\u00e4hrte Kerbgetr\u00e4nke verwandeln lassen. Fester Bestandteil jedes Pakets sind zwei limitierte Kerb-Festivalb\u00e4ndchen. Und das Beste: Ein Paket gibt es schon ab 15,00 Euro!<\/p>\n\n\n\n<h5 class=\"wp-block-heading\"><a href=\"https:\/\/www.kerb-wembach-hahn.de\/?page_id=1767\">-&gt; Hier gibt es weitere Details &lt;-<\/a><\/h5>\n\n\n\n<hr class=\"wp-block-separator is-style-default\"\/>\n\n\n\n<div style=\"height:15px\" aria-hidden=\"true\" class=\"wp-block-spacer\"><\/div>\n\n\n\n<div class=\"wp-block-group\"><div class=\"wp-block-group__inner-container is-layout-flow wp-block-group-is-layout-flow\">\n<h4 class=\"alignwide wp-block-heading\"><strong>Sneak Peak<\/strong><\/h4>\n<\/div><\/div>\n\n\n\n<div class=\"wp-block-image\"><figure class=\"aligncenter size-large is-resized\"><a href=\"https:\/\/www.kerb-wembach-hahn.de\/wp-content\/uploads\/2021\/05\/5248afad-2988-47c0-aef1-cc196d2ed682.jpg\"><img loading=\"lazy\" decoding=\"async\" src=\"https:\/\/www.kerb-wembach-hahn.de\/wp-content\/uploads\/2021\/05\/5248afad-2988-47c0-aef1-cc196d2ed682-1024x768.jpg\" alt=\"\" class=\"wp-image-1836\" width=\"585\" height=\"438\" srcset=\"https:\/\/www.kerb-wembach-hahn.de\/wp-content\/uploads\/2021\/05\/5248afad-2988-47c0-aef1-cc196d2ed682-1024x768.jpg 1024w, https:\/\/www.kerb-wembach-hahn.de\/wp-content\/uploads\/2021\/05\/5248afad-2988-47c0-aef1-cc196d2ed682-300x225.jpg 300w, https:\/\/www.kerb-wembach-hahn.de\/wp-content\/uploads\/2021\/05\/5248afad-2988-47c0-aef1-cc196d2ed682-768x576.jpg 768w, https:\/\/www.kerb-wembach-hahn.de\/wp-content\/uploads\/2021\/05\/5248afad-2988-47c0-aef1-cc196d2ed682-1536x1152.jpg 1536w, https:\/\/www.kerb-wembach-hahn.de\/wp-content\/uploads\/2021\/05\/5248afad-2988-47c0-aef1-cc196d2ed682-676x507.jpg 676w, https:\/\/www.kerb-wembach-hahn.de\/wp-content\/uploads\/2021\/05\/5248afad-2988-47c0-aef1-cc196d2ed682.jpg 1600w\" sizes=\"auto, (max-width: 585px) 100vw, 585px\" \/><\/a><\/figure><\/div>\n\n\n<p style=\"text-align: center;\">Den Kerbplatz ins Wohnzimmer bringen oder so \u00e4hnlich&#8230;<\/p>\n\n\n<hr class=\"wp-block-separator is-style-default\"\/>\n\n\n\n<div style=\"height:15px\" aria-hidden=\"true\" class=\"wp-block-spacer\"><\/div>\n\n\n\n<h4 class=\"wp-block-heading\">Spendenlink<\/h4>\n\n\n<p>Auch dieses Jahr wollen wir euch gerne wieder anbieten uns eine kleine Spende zukommen zu lassen. <span class=\"d2edcug0 hpfvmrgz qv66sw1b c1et5uql lr9zc1uh a8c37x1j keod5gw0 nxhoafnm aigsh9s9 d3f4x2em fe6kdd0r mau55g9w c8b282yb iv3no6db jq4qci2q a3bd9o3v knj5qynh oo9gr5id hzawbc8m\" dir=\"auto\">Wer uns viel Gutes tun und vom gesparten Kerbgeld etwas f\u00fcr die Umsetzung der diesj\u00e4hrigen \u201eDigitalkerb Runde 2\u201c spenden m\u00f6chte, kann dies ab sofort unter folgendem Link tun. <\/span><\/p>\n\n\n<form action=\"https:\/\/www.paypal.com\/donate\" method=\"post\" target=\"_top\">\n<input type=\"hidden\" name=\"hosted_button_id\" value=\"XV9VLHCGVX6NN\">\n<input type=\"image\" src=\"https:\/\/www.paypalobjects.com\/de_DE\/DE\/i\/btn\/btn_donateCC_LG.gif\" name=\"submit\" title=\"PayPal - The safer, easier way to pay online!\" alt=\"Donate with PayPal button\" border=\"0\">\n<img loading=\"lazy\" decoding=\"async\" alt=\"\" src=\"https:\/\/www.paypal.com\/de_DE\/i\/scr\/pixel.gif\" width=\"1\" height=\"1\" border=\"0\">\n<\/form>\n\n\n\n<div style=\"height:10px\" aria-hidden=\"true\" class=\"wp-block-spacer\"><\/div>\n\n\n<p style=\"text-align: center;\"><strong>ODER<\/strong><\/p>\n\n\n<div style=\"height:10px\" aria-hidden=\"true\" class=\"wp-block-spacer\"><\/div>\n\n\n\n<figure class=\"wp-block-table\"><table><tbody><tr><td>Kontoinhaber<\/td><td>Freiw. Feuerwehr Wembach-Hahn<\/td><\/tr><tr><td>IBAN<\/td><td>DE47 5085 0150 0146 0025 36<\/td><\/tr><tr><td>Verwendungszweck<\/td><td>Digitalkerb 2021<\/td><\/tr><\/tbody><\/table><\/figure>\n\n\n<p>Wir werden versuchen, wieder alle Spender namentlich im Livestream zu erw\u00e4hnen und sagen jetzt schon: Vielen Dank!!!<\/p>\n\n\n<hr class=\"wp-block-separator is-style-default\"\/>\n\n\n\n<div style=\"height:15px\" aria-hidden=\"true\" class=\"wp-block-spacer\"><\/div>\n\n\n\n<h4 class=\"wp-block-heading\">Kerb-Trailer<\/h4>\n\n\n\n<p>Nach langen \u00dcberlegungen haben wir uns dazu entschieden dieses Jahr in die n\u00e4chste Runde zu gehen. Tats\u00e4chlich gab es Hoffnung, dass wir dieses Jahr bereits wieder eine Zeltkerb mit euch feiern k\u00f6nnen, eine Zeltkerb nach der sich mit Sicherheit viele sehnen. Da dies nicht plan- oder verantwortbar gewesen w\u00e4re, hatten wir \u00fcberlegt stattdessen Kerbspiele mit euch zu veranstalten. So h\u00e4tten wir in kleinen Gruppen zumindest mal wieder etwas mit euch machen k\u00f6nnen. Doch auch dies ist nicht m\u00f6glich.<\/p>\n\n\n\n<p>Dieses Jahr, am Samstag den 12. Juni, m\u00f6chten wir deshalb wieder im Livestream mit euch feiern. Wie letztes Jahr gibt es Musik und Clips des Bunten Abends. Zus\u00e4tzlich fordern wir euch zu einem Wettkampf heraus, in dem ihr eure ganz besonderen, vielleicht auch versteckten Talente zeigen k\u00f6nnt.<\/p>\n\n\n\n<figure class=\"wp-block-embed is-type-video is-provider-youtube wp-block-embed-youtube wp-embed-aspect-16-9 wp-has-aspect-ratio\"><div class=\"wp-block-embed__wrapper\">\n<iframe loading=\"lazy\" title=\"Wembach-Heehner Digitalkerb 2021 - Wir gehen in Runde 2\" width=\"676\" height=\"380\" src=\"https:\/\/www.youtube.com\/embed\/OFz6WpkXGdg?feature=oembed\" frameborder=\"0\" allow=\"accelerometer; autoplay; clipboard-write; encrypted-media; gyroscope; picture-in-picture\" allowfullscreen><\/iframe>\n<\/div><\/figure>\n\n\n\n<h5 class=\"wp-block-heading\">Bald folgt mehr&#8230;!<\/h5>\n","protected":false},"excerpt":{"rendered":"<p>Aktuell werden alle Erinnerungen zusammengetragen und hier mit euch geteilt. Kommt bald zur\u00fcck. \u00a0 Bis n\u00e4chstes Jahr Eure Generation Kerb Samstag Abend Unser Programm startet am Samstag (12.06) um 18:00 Uhr. Die Kerweborsch und Kerwem\u00e4dsche werden die Kerb in den Stra\u00dfen von Wembach-Hahn einl\u00e4uten. Um 20:15 Uhr beginnt der gro\u00dfe Bunte Abend im Livestream hier [&hellip;]<\/p>\n","protected":false},"author":5,"featured_media":0,"parent":0,"menu_order":0,"comment_status":"closed","ping_status":"closed","template":"","meta":{"footnotes":""},"class_list":["post-1745","page","type-page","status-publish","hentry","post-preview"],"_links":{"self":[{"href":"https:\/\/www.kerb-wembach-hahn.de\/index.php?rest_route=\/wp\/v2\/pages\/1745","targetHints":{"allow":["GET"]}}],"collection":[{"href":"https:\/\/www.kerb-wembach-hahn.de\/index.php?rest_route=\/wp\/v2\/pages"}],"about":[{"href":"https:\/\/www.kerb-wembach-hahn.de\/index.php?rest_route=\/wp\/v2\/types\/page"}],"author":[{"embeddable":true,"href":"https:\/\/www.kerb-wembach-hahn.de\/index.php?rest_route=\/wp\/v2\/users\/5"}],"replies":[{"embeddable":true,"href":"https:\/\/www.kerb-wembach-hahn.de\/index.php?rest_route=%2Fwp%2Fv2%2Fcomments&post=1745"}],"version-history":[{"count":35,"href":"https:\/\/www.kerb-wembach-hahn.de\/index.php?rest_route=\/wp\/v2\/pages\/1745\/revisions"}],"predecessor-version":[{"id":1971,"href":"https:\/\/www.kerb-wembach-hahn.de\/index.php?rest_route=\/wp\/v2\/pages\/1745\/revisions\/1971"}],"wp:attachment":[{"href":"https:\/\/www.kerb-wembach-hahn.de\/index.php?rest_route=%2Fwp%2Fv2%2Fmedia&parent=1745"}],"curies":[{"name":"wp","href":"https:\/\/api.w.org\/{rel}","templated":true}]}}