{"id":1767,"date":"2021-05-12T21:59:23","date_gmt":"2021-05-12T19:59:23","guid":{"rendered":"https:\/\/www.kerb-wembach-hahn.de\/?page_id=1767"},"modified":"2021-06-10T23:26:58","modified_gmt":"2021-06-10T21:26:58","slug":"vorbestellung-der-care-pakete","status":"publish","type":"page","link":"https:\/\/www.kerb-wembach-hahn.de\/?page_id=1767","title":{"rendered":"Kerbpakete"},"content":{"rendered":"<h5 style=\"text-align: center;\"><span style=\"color: #ff0000;\"><strong>Leider k\u00f6nnen wir keine weiteren Vorbestellungen annehmen.<\/strong><\/span><\/h5>\n\n<p>Die Ausgabe der <strong>vorbestellten<\/strong> Pakete erfolgt am <strong>Kerbfreitag, 11.06. im Zeitraum von 16:00 bis 20:00 Uhr<\/strong> an der Waldenserhalle. Die Zahlung ist bar oder mit EC-Karte (und PIN) m\u00f6glich. Vielleicht begegnet man sich ja \u2013 mit Abstand \ud83d\ude09<\/p>\n\n\n<p>Bei Fragen k\u00f6nnt Ihr uns gerne eine Nachricht an <a href=\"mailto:kerbpaket@kerb-wembach-hahn.de\">kerbpaket@kerb-wembach-hahn.de<\/a> schicken.<\/p>\n\n\n\n<h5 class=\"has-text-align-left wp-block-heading\"><strong><strong><u>PAKET 1 \u2013 Anf\u00e4nger | &#8222;Kerb-Einsteiger&#8220;          15,00 EUR<\/u><\/strong><\/strong><\/h5>\n\n\n\n<p class=\"has-dark-gray-color has-text-color\">Der Kerb-Einsteiger ist eine solide Basis f\u00fcr jeden der plant am Kerbsamstag reinzuschauen.<\/p>\n\n\n\n<p class=\"has-text-align-left\"><strong><em>Bier | \u00c4ppler | Picollo Prosecco | Berliner Luft<\/em><\/strong><\/p>\n\n\n<ul>\n<li style=\"text-align: left;\">Drei Flaschen Schmucker Pils 0,5 Liter<\/li>\n<li style=\"text-align: left;\">Drei Dosen Bembel with Care 0,5 Liter<\/li>\n<li style=\"text-align: left;\">Einen Picollo Prosecco Frizzanto (0,2)<\/li>\n<li style=\"text-align: left;\">Zwei Klopfer \u201cBerliner Luft\u201d (0,02)<\/li>\n<li style=\"text-align: left;\">Zwei Kerb-Festivalb\u00e4ndchen (2x)<\/li>\n<\/ul>\n\n\n<div style=\"height:35px\" aria-hidden=\"true\" class=\"wp-block-spacer\"><\/div>\n\n\n\n<h5 class=\"wp-block-heading\"><strong><strong><u>PAKET 2 \u2013 Fortgeschrittene | \u201cAb auf die Tanzfl\u00e4che\u201d          50,00 EUR<\/u><\/strong><\/strong><\/h5>\n\n\n\n<p>Im Paket &#8222;Ab auf die Tanzfl\u00e4che&#8220; steckt das Gef\u00fchl von Freiheit, Freiheit die man nur beim Disco Fox auf der Kerbb\u00fchne sp\u00fcren kann.<\/p>\n\n\n\n<p><strong><em>Bier | \u00c4ppler | Picollo Prosecco | Cuba Libre | Pfirsich-H\u00fctchen | Berliner Luft<\/em><\/strong><\/p>\n\n\n<ul>\n<li>Drei Flaschen Schmucker Pils 0,5 Liter<\/li>\n<li>Drei Dosen Bembel with Care 0,5 Liter<\/li>\n<li>Einen Picollo Prosecco Frizzanto (0,2)<\/li>\n<li>Eine Flasche Havana Club 3 Years Rum 0,7 Liter<\/li>\n<li>Eine Flasche Pfirsichlik\u00f6r 0,7 Liter<\/li>\n<li>Drei Flaschen Coca Cola 1,0 Liter<\/li>\n<li>Eine Flasche Orangensaft 1,0 Liter<\/li>\n<li>Zwei Klopfer \u201cBerliner Luft\u201d (0,02)<\/li>\n<li>Limetten<\/li>\n<li>Zwei Kerb-Festivalb\u00e4ndchen (2x)<\/li>\n<\/ul>\n\n\n<div style=\"height:35px\" aria-hidden=\"true\" class=\"wp-block-spacer\"><\/div>\n\n\n\n<h5 class=\"wp-block-heading\"><strong><u>PAKET 3 \u2013 Profis | \u201cKreiseltanz Ged\u00e4chtnismischung\u201d          80,00 EUR<\/u><\/strong><\/h5>\n\n\n\n<p>Ein muss f\u00fcr jeden Kerbbar-Liebhaber. <\/p>\n\n\n\n<p><strong><em>Bier | \u00c4ppler | Sekt\/Sekt Orange | Cuba Libre | Pfirsich-H\u00fctchen | Wodka Orange | Wodka Wasser | J\u00e4germeister | Berliner Luft<\/em><\/strong><\/p>\n\n\n<ul>\n<li>Vier Flaschen Schmucker Pils 0,5 Liter<\/li>\n<li>Vier Dosen Bembel with Care 0,5 Liter<\/li>\n<li>Eine Flasche Sekt \u201cSchlo\u00df Biebrich\u201d (0,7)<\/li>\n<li>Eine Flasche Havana Club 3 Years Rum 0,7 Liter<\/li>\n<li>Eine Flasche Wodka 0,7 Liter<\/li>\n<li>Eine Flasche Pfirsichlik\u00f6r 0,7 Liter<\/li>\n<li>Vier Flaschen Coca Cola 1,0 Liter<\/li>\n<li>Vier Flaschen Orangensaft 1,0 Liter<\/li>\n<li>Zwei Flaschen Wasser 1,0<\/li>\n<li>Sechs Klopfer \u201cBerliner Luft\u201d (0,02)<\/li>\n<li>Vier Klopfer J\u00e4germeister (0,02)<\/li>\n<li>Limetten<\/li>\n<li>Zwei Kerb-Festivalb\u00e4ndchen (2x)<\/li>\n<\/ul>\n\n\n<div style=\"height:20px\" aria-hidden=\"true\" class=\"wp-block-spacer\"><\/div>\n\n\n\n<div class=\"wp-block-image\"><figure class=\"aligncenter size-large is-resized\"><a href=\"https:\/\/www.kerb-wembach-hahn.de\/wp-content\/uploads\/2021\/05\/kerbpaket_ueberblick.png\"><img loading=\"lazy\" decoding=\"async\" src=\"https:\/\/www.kerb-wembach-hahn.de\/wp-content\/uploads\/2021\/05\/kerbpaket_ueberblick.png\" alt=\"\" class=\"wp-image-1809\" width=\"488\" height=\"323\" srcset=\"https:\/\/www.kerb-wembach-hahn.de\/wp-content\/uploads\/2021\/05\/kerbpaket_ueberblick.png 425w, https:\/\/www.kerb-wembach-hahn.de\/wp-content\/uploads\/2021\/05\/kerbpaket_ueberblick-300x198.png 300w\" sizes=\"auto, (max-width: 488px) 100vw, 488px\" \/><\/a><\/figure><\/div>\n\n\n\n<p>Bis zum 06. Juni bieten wir die Vorbestellung der Kerbpakte an. Die Vorbestellung funktioniert ganz einfach \u00fcber das untere Formular. Vorbestellte Kerbpakete k\u00f6nnen erst am 11. Juni, Kerbfreitag, an der Waldenserhalle abgeholt und bezahlt werden. <\/p>\n\n\n\n<p>Wir freuen uns auf Euch!<\/p>\n\n\n\n<h3 class=\"wp-block-heading\">Vorbestellen<\/h3>\n\n\n\n<div style=\"height:20px\" aria-hidden=\"true\" class=\"wp-block-spacer\"><\/div>\n\n\n<p>Eine Vorbestellung ist leider nicht l\u00e4nger m\u00f6glich.<\/p>","protected":false},"excerpt":{"rendered":"<p>Leider k\u00f6nnen wir keine weiteren Vorbestellungen annehmen. Die Ausgabe der vorbestellten Pakete erfolgt am Kerbfreitag, 11.06. im Zeitraum von 16:00 bis 20:00 Uhr an der Waldenserhalle. Die Zahlung ist bar oder mit EC-Karte (und PIN) m\u00f6glich. Vielleicht begegnet man sich ja \u2013 mit Abstand \ud83d\ude09 Bei Fragen k\u00f6nnt Ihr uns gerne eine Nachricht an kerbpaket@kerb-wembach-hahn.de [&hellip;]<\/p>\n","protected":false},"author":5,"featured_media":0,"parent":0,"menu_order":0,"comment_status":"closed","ping_status":"closed","template":"","meta":{"footnotes":""},"class_list":["post-1767","page","type-page","status-publish","hentry","post-preview"],"_links":{"self":[{"href":"https:\/\/www.kerb-wembach-hahn.de\/index.php?rest_route=\/wp\/v2\/pages\/1767","targetHints":{"allow":["GET"]}}],"collection":[{"href":"https:\/\/www.kerb-wembach-hahn.de\/index.php?rest_route=\/wp\/v2\/pages"}],"about":[{"href":"https:\/\/www.kerb-wembach-hahn.de\/index.php?rest_route=\/wp\/v2\/types\/page"}],"author":[{"embeddable":true,"href":"https:\/\/www.kerb-wembach-hahn.de\/index.php?rest_route=\/wp\/v2\/users\/5"}],"replies":[{"embeddable":true,"href":"https:\/\/www.kerb-wembach-hahn.de\/index.php?rest_route=%2Fwp%2Fv2%2Fcomments&post=1767"}],"version-history":[{"count":13,"href":"https:\/\/www.kerb-wembach-hahn.de\/index.php?rest_route=\/wp\/v2\/pages\/1767\/revisions"}],"predecessor-version":[{"id":1891,"href":"https:\/\/www.kerb-wembach-hahn.de\/index.php?rest_route=\/wp\/v2\/pages\/1767\/revisions\/1891"}],"wp:attachment":[{"href":"https:\/\/www.kerb-wembach-hahn.de\/index.php?rest_route=%2Fwp%2Fv2%2Fmedia&parent=1767"}],"curies":[{"name":"wp","href":"https:\/\/api.w.org\/{rel}","templated":true}]}}

<h5 style="text-align: center;"><span style="color: #ff0000;"><strong>Leider können wir keine weiteren Vorbestellungen annehmen.</strong></span></h5>

<p>Die Ausgabe der <strong>vorbestellten</strong> Pakete erfolgt am <strong>Kerbfreitag, 11.06. im Zeitraum von 16:00 bis 20:00 Uhr</strong> an der Waldenserhalle. Die Zahlung ist bar oder mit EC-Karte (und PIN) möglich. Vielleicht begegnet man sich ja – mit Abstand 😉</p>


<p>Bei Fragen könnt Ihr uns gerne eine Nachricht an <a href="mailto:kerbpaket@kerb-wembach-hahn.de">kerbpaket@kerb-wembach-hahn.de</a> schicken.</p>



<h5 class="has-text-align-left wp-block-heading"><strong><strong><u>PAKET 1 – Anfänger | &#8222;Kerb-Einsteiger&#8220;          15,00 EUR</u></strong></strong></h5>



<p class="has-dark-gray-color has-text-color">Der Kerb-Einsteiger ist eine solide Basis für jeden der plant am Kerbsamstag reinzuschauen.</p>



<p class="has-text-align-left"><strong><em>Bier | Äppler | Picollo Prosecco | Berliner Luft</em></strong></p>


<ul>
<li style="text-align: left;">Drei Flaschen Schmucker Pils 0,5 Liter</li>
<li style="text-align: left;">Drei Dosen Bembel with Care 0,5 Liter</li>
<li style="text-align: left;">Einen Picollo Prosecco Frizzanto (0,2)</li>
<li style="text-align: left;">Zwei Klopfer “Berliner Luft” (0,02)</li>
<li style="text-align: left;">Zwei Kerb-Festivalbändchen (2x)</li>
</ul>


<div style="height:35px" aria-hidden="true" class="wp-block-spacer"></div>



<h5 class="wp-block-heading"><strong><strong><u>PAKET 2 – Fortgeschrittene | “Ab auf die Tanzfläche”          50,00 EUR</u></strong></strong></h5>



<p>Im Paket &#8222;Ab auf die Tanzfläche&#8220; steckt das Gefühl von Freiheit, Freiheit die man nur beim Disco Fox auf der Kerbbühne spüren kann.</p>



<p><strong><em>Bier | Äppler | Picollo Prosecco | Cuba Libre | Pfirsich-Hütchen | Berliner Luft</em></strong></p>


<ul>
<li>Drei Flaschen Schmucker Pils 0,5 Liter</li>
<li>Drei Dosen Bembel with Care 0,5 Liter</li>
<li>Einen Picollo Prosecco Frizzanto (0,2)</li>
<li>Eine Flasche Havana Club 3 Years Rum 0,7 Liter</li>
<li>Eine Flasche Pfirsichlikör 0,7 Liter</li>
<li>Drei Flaschen Coca Cola 1,0 Liter</li>
<li>Eine Flasche Orangensaft 1,0 Liter</li>
<li>Zwei Klopfer “Berliner Luft” (0,02)</li>
<li>Limetten</li>
<li>Zwei Kerb-Festivalbändchen (2x)</li>
</ul>


<div style="height:35px" aria-hidden="true" class="wp-block-spacer"></div>



<h5 class="wp-block-heading"><strong><u>PAKET 3 – Profis | “Kreiseltanz Gedächtnismischung”          80,00 EUR</u></strong></h5>



<p>Ein muss für jeden Kerbbar-Liebhaber. </p>



<p><strong><em>Bier | Äppler | Sekt/Sekt Orange | Cuba Libre | Pfirsich-Hütchen | Wodka Orange | Wodka Wasser | Jägermeister | Berliner Luft</em></strong></p>


<ul>
<li>Vier Flaschen Schmucker Pils 0,5 Liter</li>
<li>Vier Dosen Bembel with Care 0,5 Liter</li>
<li>Eine Flasche Sekt “Schloß Biebrich” (0,7)</li>
<li>Eine Flasche Havana Club 3 Years Rum 0,7 Liter</li>
<li>Eine Flasche Wodka 0,7 Liter</li>
<li>Eine Flasche Pfirsichlikör 0,7 Liter</li>
<li>Vier Flaschen Coca Cola 1,0 Liter</li>
<li>Vier Flaschen Orangensaft 1,0 Liter</li>
<li>Zwei Flaschen Wasser 1,0</li>
<li>Sechs Klopfer “Berliner Luft” (0,02)</li>
<li>Vier Klopfer Jägermeister (0,02)</li>
<li>Limetten</li>
<li>Zwei Kerb-Festivalbändchen (2x)</li>
</ul>


<div style="height:20px" aria-hidden="true" class="wp-block-spacer"></div>



<div class="wp-block-image"><figure class="aligncenter size-large is-resized"><a href="https://www.kerb-wembach-hahn.de/wp-content/uploads/2021/05/kerbpaket_ueberblick.png"><img loading="lazy" decoding="async" src="https://www.kerb-wembach-hahn.de/wp-content/uploads/2021/05/kerbpaket_ueberblick.png" alt="" class="wp-image-1809" width="488" height="323" srcset="https://www.kerb-wembach-hahn.de/wp-content/uploads/2021/05/kerbpaket_ueberblick.png 425w, https://www.kerb-wembach-hahn.de/wp-content/uploads/2021/05/kerbpaket_ueberblick-300x198.png 300w" sizes="auto, (max-width: 488px) 100vw, 488px" /></a></figure></div>



<p>Bis zum 06. Juni bieten wir die Vorbestellung der Kerbpakte an. Die Vorbestellung funktioniert ganz einfach über das untere Formular. Vorbestellte Kerbpakete können erst am 11. Juni, Kerbfreitag, an der Waldenserhalle abgeholt und bezahlt werden. </p>



<p>Wir freuen uns auf Euch!</p>



<h3 class="wp-block-heading">Vorbestellen</h3>



<div style="height:20px" aria-hidden="true" class="wp-block-spacer"></div>


<p>Eine Vorbestellung ist leider nicht länger möglich.</p>

<p>Leider können wir keine weiteren Vorbestellungen annehmen. Die Ausgabe der vorbestellten Pakete erfolgt am Kerbfreitag, 11.06. im Zeitraum von 16:00 bis 20:00 Uhr an der Waldenserhalle. Die Zahlung ist bar oder mit EC-Karte (und PIN) möglich. Vielleicht begegnet man sich ja – mit Abstand 😉 Bei Fragen könnt Ihr uns gerne eine Nachricht an kerbpaket@kerb-wembach-hahn.de [&hellip;]</p>
