{"id":2609,"date":"2025-01-01T19:54:47","date_gmt":"2025-01-01T17:54:47","guid":{"rendered":"https:\/\/www.kerb-wembach-hahn.de\/?page_id=2609"},"modified":"2025-06-04T14:58:04","modified_gmt":"2025-06-04T12:58:04","slug":"kerb-2025","status":"publish","type":"page","link":"https:\/\/www.kerb-wembach-hahn.de\/?page_id=2609","title":{"rendered":"Kerb 2025"},"content":{"rendered":"<div class=\"wp-block-image\">\n<figure class=\"alignright size-full is-resized\"><img loading=\"lazy\" decoding=\"async\" width=\"700\" height=\"994\" src=\"https:\/\/www.kerb-wembach-hahn.de\/wp-content\/uploads\/2025\/06\/kerbplakat_2025_disco.png\" alt=\"\" class=\"wp-image-2652\" style=\"width:304px;height:auto\" srcset=\"https:\/\/www.kerb-wembach-hahn.de\/wp-content\/uploads\/2025\/06\/kerbplakat_2025_disco.png 700w, https:\/\/www.kerb-wembach-hahn.de\/wp-content\/uploads\/2025\/06\/kerbplakat_2025_disco-211x300.png 211w, https:\/\/www.kerb-wembach-hahn.de\/wp-content\/uploads\/2025\/06\/kerbplakat_2025_disco-676x960.png 676w\" sizes=\"auto, (max-width: 700px) 100vw, 700px\" \/><\/figure>\n<\/div>\n\n\n<p>Ihr liewe, liewe Kerweg\u00e4st,<\/p>\n\n\n\n<p>Im Wiesegrund an der Waldenserhall, wie des letzte Jahr und des Jahr zuvor und davor, wollen wir mit Euch feiern! Mit gro\u00dfen Pl\u00e4nen und einigen \u00c4nderungen soll es dieses Jahr noch besser werden. Bleibt gespannt!<\/p>\n\n\n\n<p>Von Kopf bis Fu\u00df f\u00fchlen wir uns dieses Jahr Disco. Mit den Bergstreet-Boys und unserem DJ Stefan Kr\u00fcger starten wir in ein legend\u00e4res Disco-Wochenende!<\/p>\n\n\n\n<hr class=\"wp-block-separator has-alpha-channel-opacity\"\/>\n\n\n\n<p><strong>06. Juni &#8211; Freitag<\/strong><br>19:30 Uhr Einl\u00e4uten der Kerb&nbsp;<br>20:30 Uhr Traditioneller Bieranstich anschl. <strong>KERBZELTPARTY mit den Bergstreet-Boys<\/strong><\/p>\n\n\n\n<p><br><strong>07. Juni &#8211; Samstag<\/strong><br>15:30 Uhr Kerb Caf\u00e9 f\u00fcr Alt und Jung<br>20:30 Uhr Bunter Abend der Kerweborsch und Kerwem\u00e4dsche<br>anschl. <strong>Disco-Party mit Stefan Kr\u00fcge<\/strong>r<\/p>\n\n\n\n<p><br><strong>08. Juni &#8211; Sonntag<\/strong><br>11:00 Uhr Kerbgottesdienst im Festzelt anschl. gemeinsames Mittagessen<br>14:00 Uhr <strong>Kerbumzug<\/strong><br>15:00 Uhr Kerweredd anschl. Stimmung, Musik und Tanz mit Stefan Kr\u00fcger<\/p>\n\n\n\n<hr class=\"wp-block-separator has-alpha-channel-opacity\"\/>\n\n\n\n<p class=\"has-dark-gray-color has-text-color has-link-color has-larger-font-size wp-elements-3bb7d64606cd0ca096ea042f243bc187\"><strong>Vorbereitungen<\/strong><\/p>\n\n\n<ul class=\"wp-block-latest-posts__list has-dates wp-block-latest-posts has-regular-font-size\"><li><a class=\"wp-block-latest-posts__post-title\" href=\"https:\/\/www.kerb-wembach-hahn.de\/?p=2647\">Vorkerb 2025<\/a><time datetime=\"2025-05-31T09:36:20+02:00\" class=\"wp-block-latest-posts__post-date\">31. Mai 2025<\/time><div class=\"wp-block-latest-posts__post-full-content\"><!-- wp:image {\"id\":2648,\"sizeSlug\":\"large\",\"linkDestination\":\"media\"} -->\n<figure class=\"wp-block-image size-large\"><a href=\"https:\/\/www.kerb-wembach-hahn.de\/wp-content\/uploads\/2025\/06\/vorkerb_2025.jpg\"><img loading=\"lazy\" decoding=\"async\" width=\"768\" height=\"1024\" src=\"https:\/\/www.kerb-wembach-hahn.de\/wp-content\/uploads\/2025\/06\/vorkerb_2025-768x1024.jpg\" alt=\"\" class=\"wp-image-2648\" srcset=\"https:\/\/www.kerb-wembach-hahn.de\/wp-content\/uploads\/2025\/06\/vorkerb_2025-768x1024.jpg 768w, https:\/\/www.kerb-wembach-hahn.de\/wp-content\/uploads\/2025\/06\/vorkerb_2025-225x300.jpg 225w, https:\/\/www.kerb-wembach-hahn.de\/wp-content\/uploads\/2025\/06\/vorkerb_2025-1152x1536.jpg 1152w, https:\/\/www.kerb-wembach-hahn.de\/wp-content\/uploads\/2025\/06\/vorkerb_2025-676x901.jpg 676w, https:\/\/www.kerb-wembach-hahn.de\/wp-content\/uploads\/2025\/06\/vorkerb_2025.jpg 1368w\" sizes=\"auto, (max-width: 768px) 100vw, 768px\" \/><\/a><\/figure>\n<!-- \/wp:image -->\n\n<!-- wp:paragraph {\"align\":\"center\"} -->\n<p class=\"has-text-align-center\"><strong>So startet unser zweiw\u00f6chiges Fest in Wembach-Hoo!<\/strong><\/p>\n<!-- \/wp:paragraph --><\/div><\/li>\n<li><a class=\"wp-block-latest-posts__post-title\" href=\"https:\/\/www.kerb-wembach-hahn.de\/?p=2627\">Iwweroer Fastnachtumzug<\/a><time datetime=\"2025-03-02T08:30:00+02:00\" class=\"wp-block-latest-posts__post-date\">2. M\u00e4rz 2025<\/time><div class=\"wp-block-latest-posts__post-full-content\"><p>Schon morgens fr\u00fch um 8:30 haben wir uns dieses Jahr zum Laufen nach \u00dcberau an der Waldenserhalle getroffen. Planm\u00e4\u00dfig starteten wir dann um 9:00 Uhr um in windeseile unsere Kerbrolle in \u00dcberau zu treffen. Gest\u00e4rkt vom B\u00e4cker und einigen Runden FlunkyBall auf dem Weg dorthin, konnten wir zum ersten Mal am Fastnachtumzug in Iwwero teilnehmen und freuen uns bereits jetzt schon auf den n\u00e4chsten gro\u00dfartigen Umzug in Iwwero n\u00e4chstes Jahr<\/p>\n\n<!-- wp:image {\"id\":2628,\"sizeSlug\":\"large\",\"linkDestination\":\"media\"} -->\n<figure class=\"wp-block-image size-large\"><a href=\"https:\/\/www.kerb-wembach-hahn.de\/wp-content\/uploads\/2025\/03\/ueberau_2025_01.jpeg\"><img loading=\"lazy\" decoding=\"async\" width=\"1024\" height=\"768\" src=\"https:\/\/www.kerb-wembach-hahn.de\/wp-content\/uploads\/2025\/03\/ueberau_2025_01-1024x768.jpeg\" alt=\"\" class=\"wp-image-2628\" srcset=\"https:\/\/www.kerb-wembach-hahn.de\/wp-content\/uploads\/2025\/03\/ueberau_2025_01-1024x768.jpeg 1024w, https:\/\/www.kerb-wembach-hahn.de\/wp-content\/uploads\/2025\/03\/ueberau_2025_01-300x225.jpeg 300w, https:\/\/www.kerb-wembach-hahn.de\/wp-content\/uploads\/2025\/03\/ueberau_2025_01-768x576.jpeg 768w, https:\/\/www.kerb-wembach-hahn.de\/wp-content\/uploads\/2025\/03\/ueberau_2025_01-1536x1152.jpeg 1536w, https:\/\/www.kerb-wembach-hahn.de\/wp-content\/uploads\/2025\/03\/ueberau_2025_01-676x507.jpeg 676w, https:\/\/www.kerb-wembach-hahn.de\/wp-content\/uploads\/2025\/03\/ueberau_2025_01.jpeg 2000w\" sizes=\"auto, (max-width: 1024px) 100vw, 1024px\" \/><\/a><\/figure>\n<!-- \/wp:image -->\n\n<!-- wp:image {\"id\":2629,\"sizeSlug\":\"large\",\"linkDestination\":\"media\"} -->\n<figure class=\"wp-block-image size-large\"><a href=\"https:\/\/www.kerb-wembach-hahn.de\/wp-content\/uploads\/2025\/03\/ueberau_2025_02.jpeg\"><img loading=\"lazy\" decoding=\"async\" width=\"1024\" height=\"768\" src=\"https:\/\/www.kerb-wembach-hahn.de\/wp-content\/uploads\/2025\/03\/ueberau_2025_02-1024x768.jpeg\" alt=\"\" class=\"wp-image-2629\" srcset=\"https:\/\/www.kerb-wembach-hahn.de\/wp-content\/uploads\/2025\/03\/ueberau_2025_02-1024x768.jpeg 1024w, https:\/\/www.kerb-wembach-hahn.de\/wp-content\/uploads\/2025\/03\/ueberau_2025_02-300x225.jpeg 300w, https:\/\/www.kerb-wembach-hahn.de\/wp-content\/uploads\/2025\/03\/ueberau_2025_02-768x576.jpeg 768w, https:\/\/www.kerb-wembach-hahn.de\/wp-content\/uploads\/2025\/03\/ueberau_2025_02-1536x1152.jpeg 1536w, https:\/\/www.kerb-wembach-hahn.de\/wp-content\/uploads\/2025\/03\/ueberau_2025_02-676x507.jpeg 676w, https:\/\/www.kerb-wembach-hahn.de\/wp-content\/uploads\/2025\/03\/ueberau_2025_02.jpeg 1600w\" sizes=\"auto, (max-width: 1024px) 100vw, 1024px\" \/><\/a><\/figure>\n<!-- \/wp:image --><\/div><\/li>\n<li><a class=\"wp-block-latest-posts__post-title\" href=\"https:\/\/www.kerb-wembach-hahn.de\/?p=2613\">Auftakt!<\/a><time datetime=\"2025-02-01T19:58:03+02:00\" class=\"wp-block-latest-posts__post-date\">1. Februar 2025<\/time><div class=\"wp-block-latest-posts__post-full-content\"><!-- wp:paragraph -->\n<p>Mit vielen neuen Gesichtern starten wir heute in die zweite Kerbsitzung und starten die Planung des diesj\u00e4hrigen Kerbjahres. Schon jetzt freuen wir uns wieder riesig mit Euch bei uns in Wembach-Hoo zu feiern. F\u00fcr uns hei\u00dft das jetzt Trio w\u00e4hlen, das Motto bestimmen und dann proben, proben, proben. Doch bis zum Kerbfreitag ist ja noch jeeede Menge Zeit!<\/p>\n<!-- \/wp:paragraph -->\n\n<!-- wp:image {\"id\":2614,\"sizeSlug\":\"large\",\"linkDestination\":\"media\"} -->\n<figure class=\"wp-block-image size-large\"><a href=\"https:\/\/www.kerb-wembach-hahn.de\/wp-content\/uploads\/2025\/02\/sitzungsauftakt_2025-scaled.jpg\"><img loading=\"lazy\" decoding=\"async\" width=\"768\" height=\"1024\" src=\"https:\/\/www.kerb-wembach-hahn.de\/wp-content\/uploads\/2025\/02\/sitzungsauftakt_2025-768x1024.jpg\" alt=\"\" class=\"wp-image-2614\" srcset=\"https:\/\/www.kerb-wembach-hahn.de\/wp-content\/uploads\/2025\/02\/sitzungsauftakt_2025-768x1024.jpg 768w, https:\/\/www.kerb-wembach-hahn.de\/wp-content\/uploads\/2025\/02\/sitzungsauftakt_2025-225x300.jpg 225w, https:\/\/www.kerb-wembach-hahn.de\/wp-content\/uploads\/2025\/02\/sitzungsauftakt_2025-1152x1536.jpg 1152w, https:\/\/www.kerb-wembach-hahn.de\/wp-content\/uploads\/2025\/02\/sitzungsauftakt_2025-1536x2048.jpg 1536w, https:\/\/www.kerb-wembach-hahn.de\/wp-content\/uploads\/2025\/02\/sitzungsauftakt_2025-676x901.jpg 676w, https:\/\/www.kerb-wembach-hahn.de\/wp-content\/uploads\/2025\/02\/sitzungsauftakt_2025-scaled.jpg 1920w\" sizes=\"auto, (max-width: 768px) 100vw, 768px\" \/><\/a><\/figure>\n<!-- \/wp:image --><\/div><\/li>\n<\/ul>","protected":false},"excerpt":{"rendered":"<p>Ihr liewe, liewe Kerweg\u00e4st, Im Wiesegrund an der Waldenserhall, wie des letzte Jahr und des Jahr zuvor und davor, wollen wir mit Euch feiern! Mit gro\u00dfen Pl\u00e4nen und einigen \u00c4nderungen soll es dieses Jahr noch besser werden. Bleibt gespannt! Von Kopf bis Fu\u00df f\u00fchlen wir uns dieses Jahr Disco. Mit den Bergstreet-Boys und unserem DJ [&hellip;]<\/p>\n","protected":false},"author":5,"featured_media":0,"parent":0,"menu_order":0,"comment_status":"closed","ping_status":"closed","template":"","meta":{"footnotes":""},"class_list":["post-2609","page","type-page","status-publish","hentry","post-preview"],"_links":{"self":[{"href":"https:\/\/www.kerb-wembach-hahn.de\/index.php?rest_route=\/wp\/v2\/pages\/2609","targetHints":{"allow":["GET"]}}],"collection":[{"href":"https:\/\/www.kerb-wembach-hahn.de\/index.php?rest_route=\/wp\/v2\/pages"}],"about":[{"href":"https:\/\/www.kerb-wembach-hahn.de\/index.php?rest_route=\/wp\/v2\/types\/page"}],"author":[{"embeddable":true,"href":"https:\/\/www.kerb-wembach-hahn.de\/index.php?rest_route=\/wp\/v2\/users\/5"}],"replies":[{"embeddable":true,"href":"https:\/\/www.kerb-wembach-hahn.de\/index.php?rest_route=%2Fwp%2Fv2%2Fcomments&post=2609"}],"version-history":[{"count":10,"href":"https:\/\/www.kerb-wembach-hahn.de\/index.php?rest_route=\/wp\/v2\/pages\/2609\/revisions"}],"predecessor-version":[{"id":2655,"href":"https:\/\/www.kerb-wembach-hahn.de\/index.php?rest_route=\/wp\/v2\/pages\/2609\/revisions\/2655"}],"wp:attachment":[{"href":"https:\/\/www.kerb-wembach-hahn.de\/index.php?rest_route=%2Fwp%2Fv2%2Fmedia&parent=2609"}],"curies":[{"name":"wp","href":"https:\/\/api.w.org\/{rel}","templated":true}]}}

<div class="wp-block-image">
<figure class="alignright size-full is-resized"><img loading="lazy" decoding="async" width="700" height="994" src="https://www.kerb-wembach-hahn.de/wp-content/uploads/2025/06/kerbplakat_2025_disco.png" alt="" class="wp-image-2652" style="width:304px;height:auto" srcset="https://www.kerb-wembach-hahn.de/wp-content/uploads/2025/06/kerbplakat_2025_disco.png 700w, https://www.kerb-wembach-hahn.de/wp-content/uploads/2025/06/kerbplakat_2025_disco-211x300.png 211w, https://www.kerb-wembach-hahn.de/wp-content/uploads/2025/06/kerbplakat_2025_disco-676x960.png 676w" sizes="auto, (max-width: 700px) 100vw, 700px" /></figure>
</div>


<p>Ihr liewe, liewe Kerwegäst,</p>



<p>Im Wiesegrund an der Waldenserhall, wie des letzte Jahr und des Jahr zuvor und davor, wollen wir mit Euch feiern! Mit großen Plänen und einigen Änderungen soll es dieses Jahr noch besser werden. Bleibt gespannt!</p>



<p>Von Kopf bis Fuß fühlen wir uns dieses Jahr Disco. Mit den Bergstreet-Boys und unserem DJ Stefan Krüger starten wir in ein legendäres Disco-Wochenende!</p>



<hr class="wp-block-separator has-alpha-channel-opacity"/>



<p><strong>06. Juni &#8211; Freitag</strong><br>19:30 Uhr Einläuten der Kerb&nbsp;<br>20:30 Uhr Traditioneller Bieranstich anschl. <strong>KERBZELTPARTY mit den Bergstreet-Boys</strong></p>



<p><br><strong>07. Juni &#8211; Samstag</strong><br>15:30 Uhr Kerb Café für Alt und Jung<br>20:30 Uhr Bunter Abend der Kerweborsch und Kerwemädsche<br>anschl. <strong>Disco-Party mit Stefan Krüge</strong>r</p>



<p><br><strong>08. Juni &#8211; Sonntag</strong><br>11:00 Uhr Kerbgottesdienst im Festzelt anschl. gemeinsames Mittagessen<br>14:00 Uhr <strong>Kerbumzug</strong><br>15:00 Uhr Kerweredd anschl. Stimmung, Musik und Tanz mit Stefan Krüger</p>



<hr class="wp-block-separator has-alpha-channel-opacity"/>



<p class="has-dark-gray-color has-text-color has-link-color has-larger-font-size wp-elements-3bb7d64606cd0ca096ea042f243bc187"><strong>Vorbereitungen</strong></p>


<ul class="wp-block-latest-posts__list has-dates wp-block-latest-posts has-regular-font-size"><li><a class="wp-block-latest-posts__post-title" href="https://www.kerb-wembach-hahn.de/?p=2647">Vorkerb 2025</a><time datetime="2025-05-31T09:36:20+02:00" class="wp-block-latest-posts__post-date">31. Mai 2025</time><div class="wp-block-latest-posts__post-full-content"><!-- wp:image {"id":2648,"sizeSlug":"large","linkDestination":"media"} -->
<figure class="wp-block-image size-large"><a href="https://www.kerb-wembach-hahn.de/wp-content/uploads/2025/06/vorkerb_2025.jpg"><img loading="lazy" decoding="async" width="768" height="1024" src="https://www.kerb-wembach-hahn.de/wp-content/uploads/2025/06/vorkerb_2025-768x1024.jpg" alt="" class="wp-image-2648" srcset="https://www.kerb-wembach-hahn.de/wp-content/uploads/2025/06/vorkerb_2025-768x1024.jpg 768w, https://www.kerb-wembach-hahn.de/wp-content/uploads/2025/06/vorkerb_2025-225x300.jpg 225w, https://www.kerb-wembach-hahn.de/wp-content/uploads/2025/06/vorkerb_2025-1152x1536.jpg 1152w, https://www.kerb-wembach-hahn.de/wp-content/uploads/2025/06/vorkerb_2025-676x901.jpg 676w, https://www.kerb-wembach-hahn.de/wp-content/uploads/2025/06/vorkerb_2025.jpg 1368w" sizes="auto, (max-width: 768px) 100vw, 768px" /></a></figure>
<!-- /wp:image -->

<!-- wp:paragraph {"align":"center"} -->
<p class="has-text-align-center"><strong>So startet unser zweiwöchiges Fest in Wembach-Hoo!</strong></p>
<!-- /wp:paragraph --></div></li>
<li><a class="wp-block-latest-posts__post-title" href="https://www.kerb-wembach-hahn.de/?p=2627">Iwweroer Fastnachtumzug</a><time datetime="2025-03-02T08:30:00+02:00" class="wp-block-latest-posts__post-date">2. März 2025</time><div class="wp-block-latest-posts__post-full-content"><p>Schon morgens früh um 8:30 haben wir uns dieses Jahr zum Laufen nach Überau an der Waldenserhalle getroffen. Planmäßig starteten wir dann um 9:00 Uhr um in windeseile unsere Kerbrolle in Überau zu treffen. Gestärkt vom Bäcker und einigen Runden FlunkyBall auf dem Weg dorthin, konnten wir zum ersten Mal am Fastnachtumzug in Iwwero teilnehmen und freuen uns bereits jetzt schon auf den nächsten großartigen Umzug in Iwwero nächstes Jahr</p>

<!-- wp:image {"id":2628,"sizeSlug":"large","linkDestination":"media"} -->
<figure class="wp-block-image size-large"><a href="https://www.kerb-wembach-hahn.de/wp-content/uploads/2025/03/ueberau_2025_01.jpeg"><img loading="lazy" decoding="async" width="1024" height="768" src="https://www.kerb-wembach-hahn.de/wp-content/uploads/2025/03/ueberau_2025_01-1024x768.jpeg" alt="" class="wp-image-2628" srcset="https://www.kerb-wembach-hahn.de/wp-content/uploads/2025/03/ueberau_2025_01-1024x768.jpeg 1024w, https://www.kerb-wembach-hahn.de/wp-content/uploads/2025/03/ueberau_2025_01-300x225.jpeg 300w, https://www.kerb-wembach-hahn.de/wp-content/uploads/2025/03/ueberau_2025_01-768x576.jpeg 768w, https://www.kerb-wembach-hahn.de/wp-content/uploads/2025/03/ueberau_2025_01-1536x1152.jpeg 1536w, https://www.kerb-wembach-hahn.de/wp-content/uploads/2025/03/ueberau_2025_01-676x507.jpeg 676w, https://www.kerb-wembach-hahn.de/wp-content/uploads/2025/03/ueberau_2025_01.jpeg 2000w" sizes="auto, (max-width: 1024px) 100vw, 1024px" /></a></figure>
<!-- /wp:image -->

<!-- wp:image {"id":2629,"sizeSlug":"large","linkDestination":"media"} -->
<figure class="wp-block-image size-large"><a href="https://www.kerb-wembach-hahn.de/wp-content/uploads/2025/03/ueberau_2025_02.jpeg"><img loading="lazy" decoding="async" width="1024" height="768" src="https://www.kerb-wembach-hahn.de/wp-content/uploads/2025/03/ueberau_2025_02-1024x768.jpeg" alt="" class="wp-image-2629" srcset="https://www.kerb-wembach-hahn.de/wp-content/uploads/2025/03/ueberau_2025_02-1024x768.jpeg 1024w, https://www.kerb-wembach-hahn.de/wp-content/uploads/2025/03/ueberau_2025_02-300x225.jpeg 300w, https://www.kerb-wembach-hahn.de/wp-content/uploads/2025/03/ueberau_2025_02-768x576.jpeg 768w, https://www.kerb-wembach-hahn.de/wp-content/uploads/2025/03/ueberau_2025_02-1536x1152.jpeg 1536w, https://www.kerb-wembach-hahn.de/wp-content/uploads/2025/03/ueberau_2025_02-676x507.jpeg 676w, https://www.kerb-wembach-hahn.de/wp-content/uploads/2025/03/ueberau_2025_02.jpeg 1600w" sizes="auto, (max-width: 1024px) 100vw, 1024px" /></a></figure>
<!-- /wp:image --></div></li>
<li><a class="wp-block-latest-posts__post-title" href="https://www.kerb-wembach-hahn.de/?p=2613">Auftakt!</a><time datetime="2025-02-01T19:58:03+02:00" class="wp-block-latest-posts__post-date">1. Februar 2025</time><div class="wp-block-latest-posts__post-full-content"><!-- wp:paragraph -->
<p>Mit vielen neuen Gesichtern starten wir heute in die zweite Kerbsitzung und starten die Planung des diesjährigen Kerbjahres. Schon jetzt freuen wir uns wieder riesig mit Euch bei uns in Wembach-Hoo zu feiern. Für uns heißt das jetzt Trio wählen, das Motto bestimmen und dann proben, proben, proben. Doch bis zum Kerbfreitag ist ja noch jeeede Menge Zeit!</p>
<!-- /wp:paragraph -->

<!-- wp:image {"id":2614,"sizeSlug":"large","linkDestination":"media"} -->
<figure class="wp-block-image size-large"><a href="https://www.kerb-wembach-hahn.de/wp-content/uploads/2025/02/sitzungsauftakt_2025-scaled.jpg"><img loading="lazy" decoding="async" width="768" height="1024" src="https://www.kerb-wembach-hahn.de/wp-content/uploads/2025/02/sitzungsauftakt_2025-768x1024.jpg" alt="" class="wp-image-2614" srcset="https://www.kerb-wembach-hahn.de/wp-content/uploads/2025/02/sitzungsauftakt_2025-768x1024.jpg 768w, https://www.kerb-wembach-hahn.de/wp-content/uploads/2025/02/sitzungsauftakt_2025-225x300.jpg 225w, https://www.kerb-wembach-hahn.de/wp-content/uploads/2025/02/sitzungsauftakt_2025-1152x1536.jpg 1152w, https://www.kerb-wembach-hahn.de/wp-content/uploads/2025/02/sitzungsauftakt_2025-1536x2048.jpg 1536w, https://www.kerb-wembach-hahn.de/wp-content/uploads/2025/02/sitzungsauftakt_2025-676x901.jpg 676w, https://www.kerb-wembach-hahn.de/wp-content/uploads/2025/02/sitzungsauftakt_2025-scaled.jpg 1920w" sizes="auto, (max-width: 768px) 100vw, 768px" /></a></figure>
<!-- /wp:image --></div></li>
</ul>

<p>Ihr liewe, liewe Kerwegäst, Im Wiesegrund an der Waldenserhall, wie des letzte Jahr und des Jahr zuvor und davor, wollen wir mit Euch feiern! Mit großen Plänen und einigen Änderungen soll es dieses Jahr noch besser werden. Bleibt gespannt! Von Kopf bis Fuß fühlen wir uns dieses Jahr Disco. Mit den Bergstreet-Boys und unserem DJ [&hellip;]</p>
